97 = 0. Is g composite?
False
Let t = 999 - 261. Let m = 4747 + t. Is m a prime number?
False
Suppose -3*g = -s - 4*s + 8632, -8639 = 3*g + 2*s. Let x = 6051 + g. Let a = -2243 + x. Is a a prime number?
True
Let j = 4410 - 1669. Is j composite?
False
Let d = 485087 - 109350. Is d composite?
True
Suppose 0 = 73*c - 25851067 - 9841480. Is c a composite number?
True
Let x(r) = -r - 6. Let q be x(14). Let o be q/8 + (-6)/(-12). Is (-6)/12*188/o composite?
False
Is (-1 - 124038)/(1 - 28/4 - -5) a prime number?
False
Suppose -3*v + 4*c = -14, -16 - 1 = v + 3*c. Let j be v/(-11) - 74445/(-77). Let o = j + 532. Is o prime?
True
Let h(i) = -9478*i + 116. Let v be h(-4). Let n = v + -21293. Is n a composite number?
True
Let d = 1124 - 369. Suppose 0 = 4*g - 4*l - 2240, l + 1482 = 4*g - d. Let j = -140 + g. Is j composite?
False
Suppose -66*n + 109876724 + 832128952 = 666*n. Is n composite?
True
Let j = 1 + 6. Let f be ((-1)/(-2) - 1)/(2/(-804)). Suppose -j*c + f = -4*c. Is c a prime number?
True
Let s(h) = -11*h**3 + 88*h**2 - 18*h + 80. Is s(-25) prime?
False
Is (-52425 + 64)*(-1)/(2/2) a composite number?
False
Suppose -3*i + 8 = 2, 4*f = 2*i + 103128. Suppose -f = -5*j - 7538. Is j composite?
True
Suppose -1618750 = -55*z + 11952885. Is z composite?
True
Suppose d - 6248 = 4478. Suppose 2*g - 2*v = v + d, 0 = 5*g + 4*v - 26769. Is g composite?
True
Let d(q) = q**2 - q - 1. Let c be 10/(-10)*(2 + 4 + 0). Let a be d(c). Suppose -38*z + a*z = 2631. Is z a prime number?
True
Let v(h) = 83*h + 66. Let b be v(-17). Let t = -663 - b. Is t/((-4 - 28/(-8))*-4) a composite number?
True
Let y(k) = -k**2 + 2*k + 19. Let q be y(5). Suppose 4*h - 5*w - 902 = 0, 4*h + 6*w - 888 = q*w. Is h composite?
False
Let y(h) = -h**3 + 6*h**2 + 3. Let j be y(9). Let w(s) = -s**2 + 317. Let k be w(0). Let d = k - j. Is d a prime number?
True
Let z(m) = -m - 2. Suppose -2*b + 6*b = -f - 16, -3*f = -2*b - 22. Let c be z(f). Is (-583)/(-7) + (c/(-7))/(-3) a prime number?
True
Let z = 175 + -180. Let n(v) be the first derivative of 29*v**3/3 + 7*v**2/2 - 7*v + 2. Is n(z) prime?
True
Let y = -75 - -120. Let v be 231/y - (-4)/(-30). Suppose -5*u - 1500 = -v*o, -275 = -o - 3*u - u. Is o composite?
True
Suppose -d = -2*u + 171147, -6*u = -7*u + d + 85576. Is u a prime number?
True
Let i = 136998 + 112969. Is i composite?
False
Suppose -3*f + 13 = 4*a, -5*f - 4*a + 5*a + 14 = 0. Suppose -f*g + 32297 - 10820 = 0. Is g composite?
False
Let j(t) = 1537*t**3. Let r(d) = d**2 - 14*d + 34. Let u be r(11). Is j(u) composite?
True
Let g = 419912 + -267345. Is g a composite number?
False
Let a(m) = -m**3 - 5*m**2 - 3*m - 12. Let z be a(-5). Suppose -4*i + z*h + 7717 = 0, 5*i + 0*i + 5*h = 9620. Is i prime?
False
Suppose 0 = -24*n + 20*n + 5*b + 4551, -3*b - 2275 = -2*n. Let o = -726 + n. Is o a composite number?
True
Suppose -20 = -5*h + 2*o - 3*o, -2*o + 1 = -3*h. Suppose 17 = 5*q - h*s - 2, q = 4*s - 3. Is 213*6/45*q prime?
False
Let b = 18 - 9. Is 3 - (-53412)/b - 4/(-3) prime?
True
Suppose 1227498 = -8*c + 6763634. Is c a prime number?
True
Let l(i) = 2*i + 29. Let h be l(-10). Let w = -3 + h. Is w/(-3 + 1) + (-1300)/(-10) prime?
True
Let m = 148789 + -64202. Is m a prime number?
False
Suppose p = -5*p - 102. Let q = p - -30. Suppose q*d + 2465 = 18*d. Is d a prime number?
False
Let b = -1158397 + 2936148. Is b a prime number?
True
Let k(v) = -14238*v**3 - 14*v**2 - 15*v + 13. Is k(-2) a prime number?
True
Let p(q) = q + 4. Let y be p(-1). Suppose 6 = s - 5*t - 9, y*t = -4*s - 9. Let d(l) = -l**3 - 2*l**2 - 2*l + 1213. Is d(s) a prime number?
True
Suppose -565*h - 160588 = -603*h. Is h a composite number?
True
Let y(x) = -21378*x + 7643. Is y(-3) a prime number?
True
Let m(t) = 7 + 9*t**2 - 9*t + 5*t**2 - 6*t**2 - 239*t**3 + t + 5*t. Is m(-3) a composite number?
True
Suppose -6*p - 82485 = -23781. Let y = 13885 + p. Is y composite?
True
Suppose 0 = 3*i - i - 1118. Let b = i - 398. Let j = b - 102. Is j a prime number?
True
Let r = 134 + 113. Suppose 251*t - r*t = 6644. Is t a prime number?
False
Suppose 0 = -12*b + 646 + 8606. Let v = 1500 + b. Is v composite?
True
Suppose -4*p + 5*d + 589541 = 0, 17*d = -4*p + 14*d + 589501. Is p prime?
False
Suppose 5*f + 16 = -2*c + f, 5*c - 35 = 5*f. Suppose 0 = -5*v + c*q + 4447, -3*v + q + 3557 = v. Is v a composite number?
True
Is (2/8)/(12/(-790968))*(-32)/16 a composite number?
False
Suppose 0 = -158*c + 154*c - 5*f + 249377, 35 = -5*f. Is c composite?
True
Let j be 1 - (-175 - 1 - 0). Let m = 3682 - 3588. Let d = j - m. Is d prime?
True
Let o(y) = -145*y - 23. Suppose -16*d = -13*d + 24. Let p be o(d). Is 5*(3 + p/15) - -3 a prime number?
True
Is (-380228)/(-10) + 47/235 a prime number?
False
Let l(d) = d**2 + 12*d + 24. Suppose -4*u + 59 = -5. Let r = -35 + u. Is l(r) a composite number?
False
Suppose -5*h + 3*v = -4 + 9, 3*h + v = 11. Suppose h*o - 9214 = -q + 8108, -o = -5*q - 8683. Is o a composite number?
False
Is 1/(4/(-2)) + 189174*98/56 prime?
False
Let d = -2 - -40. Let i(u) = 2 + d*u + 0 - 1. Is i(5) composite?
False
Is ((-333)/(-12))/(2713/(-388) - -7) prime?
False
Let j be 4/((-8)/82) + 1 + -5. Let p = j + 69. Let a = p - -1093. Is a a prime number?
True
Let y be (2 - -2 - 0/2) + -1349. Let b = y - -17106. Is b a composite number?
False
Suppose 2*p - 9159 = 1065. Suppose -3*k + v + p = 0, 5*k - 4*v - 8516 = -v. Let r = k + -462. Is r composite?
True
Suppose -21*b + 2141333 = -720400. Is b prime?
True
Suppose 2*x = -4*u + 161 + 143, -486 = -3*x + 4*u. Suppose x = z - 125. Let r = 660 - z. Is r composite?
True
Let g = 3883210 - -315045. Is g a composite number?
True
Suppose -3*m = j - 13, m - 4*j + 2*j = 9. Suppose m*t - 3*i = -15, -i - 25 = -3*t - 6*i. Is 660 + (-4 + t - -3) a prime number?
True
Suppose -n = -3*s - 11, -6*n + n + 2*s = -42. Is n/(-2) + (-13)/((-65)/22755) a composite number?
False
Let v(k) = 3*k**2 + 47*k - 11. Let q be v(-16). Suppose -13*i = -q*n - 11*i + 45859, n - 9179 = -2*i. Is n a composite number?
False
Let p(d) = -d - 9. Let h be p(-12). Let v be h + (-38)/3 + (-2)/6. Is 2236/10 - (-6)/v a prime number?
True
Suppose -5*a = 4*v - v + 31, 15 = -a - 5*v. Is 4547*a/(-10)*2 a composite number?
False
Suppose 4*w + 9*i - 3 = 10*i, -5*w + 25 = 3*i. Suppose -w*u + 874 = z, 19*u = 18*u - 3*z + 437. Is u a composite number?
True
Suppose -40*g - 106 + 26 = 0. Is (-1 - 0)/((g/(-10042))/(-1)) a composite number?
False
Let l(o) = o**2 + 9*o - 11. Let x be l(-10). Let j be (-2 + x + 3)*2/(-4). Suppose j = 5*t - 3*d - 1856, -2*t - d = d - 752. Is t composite?
False
Suppose 29*f - 28*f = 0. Let m(b) = 45*b + 7763. Is m(f) a prime number?
False
Suppose -4 = -6*u + 8. Is ((-3709)/u)/((-8)/16) a prime number?
True
Suppose -11*y + 93 = -42*y. Let x(k) = 135*k**2 - 6*k - 6. Is x(y) composite?
True
Let j(w) = w**3 - 10*w - 20. Let f be j(9). Let a = 1458 - f. Is a a composite number?
False
Is (-1)/((-19287565)/3214591 - -6) a prime number?
False
Let x be 5/(-20) + (-87)/(-12) + 0. Suppose -5*r + 183795 = 5*v, 0 = -5*r - x*v + 11*v + 183795. Is r a prime number?
False
Let o = -310 + 319. Is (o/(-3) + 20)/((-1)/(-29)) a composite number?
True
Is (-358)/(-2685) - (-2533719)/45 a composite number?
True
Suppose -47*j + 48*j + 8 = 0. Let s(w) = -5*w**3 - 11*w**2 - 13*w + 4. Let h be s(j). Suppose -8*l = -12*l + h. Is l a prime number?
True
Suppose 3*n = 3*g - 111834, 4*g = -57*n + 54*n + 149105. Is g composite?
False
Let w(d) = 60*d + 4. Let x be w(3). Suppose 0 = -9*q + 190 + 1376. Suppose 2*b - x = q. Is b a prime number?
True
Let w(l) be the first derivative of 2*l**2 - 10 - l - 2/3*l**3 + 4*l**4. Is w(4) a composite number?
True
Let l be 1 + -2 - (1 - -6). Let w(d) = -1 - 8 + 7*d**2 + 6*d + 9*d + 5*d + 46*d**2. Is w(l) a composite number?
True
Let l(r) be the third derivative of -5/6*r**3 + 37/60*r**5 - 3/8*r**4 - 36*r**2 + 0 + 0*r. Is l(-6) prime?
True
Let g(b) be the first derivative of 10*b**2 + 1/4*b**4 + 9 + 23/3*b**3 + 11*b. Is g(-15) a prime number?
True
Let b(y) = -3*y**3 + y**2 + 5*y + 5. Let a be b(-1). Let k be 2/a*(27 - 21). Suppose -k*i + 1 = -560. Is i a prime number?
False
Suppose 14*i + 9*i + i = 20191848. Is i a prime number?
True
Let p(r) = r**3 - 61*r**2 + 115*r + 145. Is p(78) a prime number?
True
Let l(r) = 3*r